*a = 2*y - 1 + 5, 0 = y - 4*a - 20. Let o be (36/63)/(y/14). Suppose -b = o*b - 267. Is b prime?
True
Let x(f) = -540*f - 1. Is x(-11) prime?
True
Let p = 989 - 690. Is p a composite number?
True
Let r(s) be the third derivative of s**7/2520 - s**6/180 + s**5/12 - s**4/12 - 3*s**2. Let j(w) be the second derivative of r(w). Is j(7) prime?
True
Let w = -75 - -3224. Is w a prime number?
False
Let z be 196 + (-5 - 6/(-2)). Let b = z - -379. Is b prime?
False
Is 2 - -470 - (1/(-1))/(-1) prime?
False
Let s(f) = 3*f + 43. Let n(d) = -5*d - 64. Let z(h) = -5*n(h) - 8*s(h). Let g be z(0). Let p = g - -38. Is p prime?
False
Suppose -11*m + 26 = -51. Suppose m*h = h + 9354. Is h prime?
True
Suppose -8*t = 15621 - 76365. Is t composite?
True
Suppose -9 = -2*m + 11*m. Is (m - (-969)/2)/(9/18) composite?
False
Suppose 6*h - 9*h = 4*l - 5, 20 = l - 3*h. Let p(d) = -d - 2. Let s be p(-4). Suppose -l*j + 4*n = -j - 1156, s*j + 3*n - 588 = 0. Is j composite?
True
Suppose 132*g = 131*g + 4843. Is g prime?
False
Is 8914 + (-10)/(-20)*18 prime?
True
Let d(t) = -39*t + 76. Let f(j) = 79*j - 151. Let h(o) = -7*d(o) - 4*f(o). Is h(-23) a composite number?
False
Suppose 2*q - 2 = 0, -3*s + 5*q + 881 = -149. Let u = -204 + s. Is u composite?
True
Let f(m) = -604*m - 11. Is f(-10) a prime number?
True
Suppose 0 = 12*w - 9*w - 27. Suppose 0 = -w*r + 5*r + 1556. Is r a prime number?
True
Let q(a) = 0*a**3 - 9*a**2 + 4*a**3 - 13 + 0*a**3 + 7*a. Is q(7) composite?
False
Suppose 183170 = 10*a + 32200. Is a composite?
True
Let l be (-788)/(-6)*12/8. Let a = l - 118. Is a prime?
True
Suppose 3*v + 2*v = -10. Let i = v + 6. Suppose 4*t + i*o - 166 = -18, 111 = 3*t + 5*o. Is t a prime number?
True
Suppose -h = -2*h. Suppose 2*k = -5*m - k - 1550, -4*m - k - 1240 = h. Let n = m - -779. Is n composite?
True
Let n = 1242 - -992. Is n a composite number?
True
Suppose -5*b + 14 = -o + 3*o, 5*b - 48 = -4*o. Let c = o + -40. Let m = c - -138. Is m prime?
False
Let w(f) = f**2 + 5*f. Let c be w(-5). Let p(h) = h**2 + 654. Let k be p(c). Suppose 0*o + 4*o = -2*g + k, -o + 1273 = 4*g. Is g composite?
False
Is (-19)/(-38)*(1776 - 2) a composite number?
False
Suppose -197 = 3*i - 17. Let k be ((-2)/4)/(10/i). Suppose -5*w = -k*w - 4*s - 168, 4*s = 20. Is w composite?
True
Let t be (-2 - 72/(-33)) + (-60350)/22. Let z = t + 4504. Is z a prime number?
False
Let x be (10 - 1) + -3 - 3. Let t(v) = v**2 - v + 7. Let d be t(x). Let n(g) = 16*g + 3. Is n(d) prime?
True
Is (-1)/(-3) - (308508/(-9) - -6) a prime number?
True
Suppose 1044 = -19*t - 1616. Let h = -241 - -4. Let a = t - h. Is a a composite number?
False
Let x = -28 + 26. Let w(z) = 40*z**2 + 3*z + 3. Is w(x) composite?
False
Suppose -51*v = -45*v - 1830. Is v composite?
True
Let s = -8018 - -11625. Is s composite?
False
Let n = -18 + 23. Let z(m) = m**2 - m - 12. Let w be z(n). Let h(v) = 3*v**3 - 8*v**2 + 5*v - 9. Is h(w) prime?
False
Suppose -7*p + 4126 + 8572 = 0. Is p composite?
True
Suppose -7*f - 8737 = -3*f + 3*i, -5*f + i = 10907. Is f/(-10) - (3/15 + 0) a prime number?
False
Let q = 234 - 56. Suppose 3*a + q = 5*a. Is a composite?
False
Let d(b) = 1437*b**2 + 7*b - 7. Is d(2) composite?
True
Suppose 3*g + 2*b - 7 = 0, -2*g + b + 1 = -6. Suppose y - 4*y + 2309 = x, 3*x + g*y = 6927. Is x prime?
True
Suppose h - 97 = -2*c, 5*c - 4*h + 138 = 413. Is c a prime number?
False
Let j = 6532 - 1671. Is j composite?
False
Let v = -1397 + 3530. Suppose -v = i - 10*i. Is i composite?
True
Let h(g) = 20*g**2 - 2*g - 3. Let l be (-1)/2 - (-35)/(-14). Let m be h(l). Suppose -2*t + 0*t = 5*s - m, -s + 5*t = -42. Is s composite?
False
Suppose 6*q + f = 10*q - 103875, 0 = 2*q - 3*f - 51935. Is q a composite number?
False
Let o = -7823 - -13616. Is o a prime number?
False
Suppose -1159*c + 4834 = -1157*c. Is c prime?
True
Let c = -617 + 4276. Is c composite?
False
Let g(d) = -d**3 - d**2 + 6*d + 33481. Is g(0) prime?
False
Suppose -5*g - 4*y + 5 = -17, -1 = -2*g + y. Suppose 4*j + 437 = g*f + j, 0 = -5*f + 5*j + 1080. Is f a composite number?
False
Let o = 66 + -60. Suppose w = o*w + 4*c - 5575, -2*w + 5*c + 2230 = 0. Is w prime?
False
Let s = 8665 - 5396. Is s prime?
False
Suppose 0 = -0*q - 3*q + 9. Suppose q*m + 2 - 260 = 0. Suppose -4*n - m = -2*c, 6 + 0 = 2*n. Is c composite?
True
Suppose 10*z + z - 2354 = 0. Let m = 14 + -139. Let x = z + m. Is x prime?
True
Let d(z) = 3*z**3 - z**2 + 3*z + 1. Let f be d(-2). Let p = 93 + f. Is (101/(-3))/((-4)/p) a prime number?
False
Let q(r) be the second derivative of -3*r**5/20 - r**4/6 - 2*r**3/3 - r**2/2 + 7*r. Suppose 4*z + 5 + 7 = 0. Is q(z) a composite number?
True
Suppose -109 + 157 = -6*r. Let d(g) = g**3 + 14*g**2 - 21*g - 11. Is d(r) a prime number?
True
Suppose -4*o = 3*p - 7946, -p - 4*o = o - 2634. Is p composite?
True
Let d(z) = z**3 + 2*z**2 - 3*z - 2. Let s be d(-4). Let n be s/(1 - (-45)/(-43)). Suppose -4*i - 451 = -3*h, 4*i = -3*h + n + 18. Is h prime?
True
Let x = 3928 + -2219. Is x prime?
True
Let k be (2 + (-10)/8)/(9/36). Is 406*(25/(-10) + k) prime?
False
Let b = -9 + 12. Suppose -2*y - 1507 = -b*d, -2*y = -5*y + 3. Is d a composite number?
False
Suppose -2*b - a - 1 = 0, -3*b = -4*a + a - 3. Suppose 16 = 4*l - 4*g, b*g - 2 = -5*l - 4*g. Suppose 0 = l*d - 6*d + 204. Is d composite?
True
Is 12080/5 - ((-5)/(-1) + 0) a composite number?
False
Let w(b) be the second derivative of b**3/6 - b**2 + 3*b + 2. Is w(9) composite?
False
Let v be 20/(-3)*(-2 + (-150)/(-12)). Let b = -11 - v. Is b a prime number?
True
Let s be (3 + 2)/(2/(-6)). Let a = 17 + s. Suppose 3*k = -4*q, a*k + 3 = -3*q - k. Is q a prime number?
True
Let i be 12/90 + 8/(-60). Suppose 5*c + 1104 - 3494 = -l, -3*c + 4*l + 1457 = i. Is c composite?
False
Suppose -t = 3*m + 303, 3*t + m = -623 - 326. Suppose 3*v - 24 = -30. Is ((-1)/v)/((-3)/t) a prime number?
True
Suppose -2*a = -4*a - 6. Is -4 - -506 - (6 + a) a prime number?
True
Let s = 677 + -46. Is s prime?
True
Suppose 3*i = -3 - 0, -4*t - 5*i + 4599 = 0. Is t a composite number?
False
Let v(l) = -5*l**3 + 10*l**2 + 2. Let z be v(2). Is (z + 20/(-12))*8763 a composite number?
True
Let q(z) = 2*z + 8. Let j be q(-4). Suppose 9*p - 4*p - 2710 = j. Suppose 4*f + f = 5*i - 675, -5*f - p = -4*i. Is i a prime number?
False
Let d be (16/5)/((-3)/(-15)). Let m = -1 + 5. Is m/d*4*163 prime?
True
Let g be (-2)/5 + 378/(-105). Let t be g/8*-8 - 8. Is t + -6*(-428)/8 prime?
True
Suppose 5*m = 4368 + 1247. Is m prime?
True
Let f(w) = 1837*w + 50. Is f(5) a composite number?
True
Let d(a) = -78*a**3 - a**2. Let h(y) = -3*y + 2. Let v(i) = -i + 14. Let u be v(13). Let m be h(u). Is d(m) a composite number?
True
Suppose -761 = -3*x - 4*y, 3*y - 6*y = 5*x - 1261. Is x composite?
False
Let j(w) = -w**2. Let m(k) = -331*k**2 - k. Let t(d) = -2*j(d) - m(d). Let q be t(-1). Suppose -5*h = -h - q. Is h a prime number?
True
Suppose -403 - 1139 = -2*t. Suppose -4*q + 7*q = t. Is q composite?
False
Let z(x) = 6065*x + 454. Is z(7) prime?
False
Suppose -5*w + 141959 = 4*n, 21*w + 177460 = 5*n + 16*w. Is n prime?
True
Is 2*(2 - 8196/(-8)) composite?
False
Suppose 72516 = 36*w - 24*w. Is w composite?
False
Let q(z) = 113*z**3 - 15*z**2 + 32*z + 33. Is q(8) composite?
True
Let d(h) = 100*h + 9489. Is d(0) a composite number?
True
Let m(f) = 131*f + 5. Suppose -16*z + 11*z = -10. Let w be m(z). Let x = w - 158. Is x prime?
True
Let p be (2 - (-24)/(-5))/(4/(-10)). Let o(t) = 4*t**3 - 6*t**2 + 7*t + 14. Is o(p) composite?
True
Let s(z) = -893*z**3 + z**2 - 1. Let i be s(-1). Suppose -4*t + 889 = -3*o, -o = 3*t + t - i. Is t a prime number?
True
Let z = -44 + 3336. Let i = z - 1475. Is i a prime number?
False
Suppose -4*a + 5*i = 20, 2*a + i = -i - 10. Let s(y) = 2*y**2 + 2*y + 18. Is s(a) prime?
False
Suppose 6*k - 357 = 1389. Let q = k - -40. Is q composite?
False
Let x = 5 - -2. Let m(f) = -x*f - 3*f - 13 + 12. Is m(-8) a composite number?
False
Let k = 83553 + -40036. Is k a composite number?
False
Let c be (96/(-40))/((-2)/(-1250)). Let y = -877 - c. Is y a prime number?
False
Let t be 309*(-5)/(-30)*6. Suppose 817 = 4*i + t. Is i a prime number?
True
Suppose y - 5 = -k, 6 = 3*k + 4*y - 11. Suppose -k*v - 86 = -h, -3*v - 32 = 3*h - 302. Is h composite?
False
Suppose 10 = 3*t + y, 10 +